{"id":101,"date":"2018-04-26T10:54:07","date_gmt":"2018-04-26T10:54:07","guid":{"rendered":"http:\/\/advertisingsel.selena-work.cloud-press.net\/?page_id=101"},"modified":"2020-11-13T13:17:48","modified_gmt":"2020-11-13T17:17:48","slug":"services","status":"publish","type":"page","link":"https:\/\/brikardesign.com\/site\/services\/","title":{"rendered":"SERVICES"},"content":{"rendered":"<div  class=\"cta-centered-section-grid content-section content-section-spacing-medium bg-color1 white-text\" id=\"cta-2\" style=\"background-image: none; background-color: rgb(255, 255, 255);\" data-id=\"cta-centered-section-grid\" data-label=\"Cta\" data-export-id=\"cta-centered-section-grid\" data-category=\"cta\"> <div  class=\"gridContainer\"> <div  class=\"row text-center\"> <div  class=\"col-xs-12 col-sm-10 col-sm-offset-1 col-md-8 col-md-offset-2\" data-type=\"column\">    <h3  class=\"\"><span  style=\"color: rgb(241, 54, 98); font-weight: 400; font-family: &quot;Playfair Display&quot;, arial, helvetica, sans-serif;\">\u2013 votre entreprise est notre inspiration \u2013<\/span><\/h3><p  class=\"\"><span  style=\"font-family: Roboto, arial, helvetica, sans-serif; font-weight: 300; color: rgb(0, 0, 0);\">BrikarDesign se sp\u00e9cialise dans la vente de produits sans limite de quantit\u00e9s pour la production.<\/span><\/p><\/div> <\/div> <\/div> <\/div><div  class=\"content-16 content-section content-section-spacing\" id=\"content-9\" style=\"background-color: rgb(255, 255, 255); background-image: none;\" data-id=\"content-18\" data-label=\"Content\" data-export-id=\"content-18\" data-category=\"content\"> <div  class=\"gridContainer\"> <div  class=\"row middle-sm\"> <div  class=\"col-sm-6 flexbox around-xs top-xs\"> <div  class=\"overlay-box flexbox middle-xs center-xs overlay-holder\"> <div  class=\"overlay-box-offset offset-background shadow-medium bg-color2 hide-xs\"><\/div> <img decoding=\"async\"  title=\"impossible\" class=\"flexbox shadow-large img1\" alt=\"\" src=\"https:\/\/brikardesign.com\/site\/wp-content\/uploads\/2019\/02\/impossible.png\" data-size=\"500x500\"> <\/div> <\/div> <div  class=\"col-sm-6\" data-type=\"column\"> <h2  class=\"\"><span  style=\"color: rgb(241, 54, 98);\">CONCEPTION<\/span><\/h2> <p  class=\"\"><span  style=\"font-family: Roboto, arial, helvetica, sans-serif; font-weight: 300; color: rgb(0, 0, 0);\">Cr\u00e9er un produit \u00e0 votre image, sans frais de conception.\n<br ><br >Nous vous faisons approuver la conception avant toute impression.<\/span><\/p> <a class=\"button small color6 square outline\" href=\"https:\/\/brikardesign.com\/site\/services\/#content-2\" target=\"_self\" data-cp-link=\"1\" data-icon=\"fa-angle-double-left\" rel=\"noopener noreferrer\"><span  class=\"button-icon fa fa-angle-double-left\"><\/span> contactez-nous <\/a> <\/div> <\/div> <\/div> <\/div><div  class=\"content-17 content-section content-section-spacing\" id=\"content-8\" style=\"background-color: rgb(255, 255, 255);\" data-id=\"content-17\" data-label=\"Content\" data-export-id=\"content-17\" data-category=\"content\"> <div  class=\"gridContainer\"> <div  class=\"row middle-sm\"> <div  class=\"col-sm-6 space-bottom-xs\" data-type=\"column\"> <h2  class=\"\"><font  color=\"#001000\">ID\u00c9E UNIQUE<\/font><\/h2> <p  class=\"\"><font  face=\"Roboto,arial,helvetica,sans-serif\">Nous vous ferons une image unique vous repr\u00e9sentant ad\u00e9quatement<span  style=\"color: rgb(0, 0, 0); font-weight: 300;\">.&nbsp;<br >Vous serez en mesure de constater notre professionnalisme. Nous travaillons afin que notre client soit satisfait de nos produits.\n<br ><br >Vous avez un site Web, nous pouvons cr\u00e9er un produit aux couleurs de votre site Web.<\/span><\/font><\/p> <a class=\"button small color6 square outline\" href=\"https:\/\/brikardesign.com\/site\/services\/#content-2\" target=\"_self\" data-cp-link=\"1\" data-icon=\"fa-angle-double-right\" rel=\"noopener noreferrer\"><span  class=\"button-icon fa fa-angle-double-right\"><\/span> contactez-nous <\/a> <\/div> <div  class=\"col-sm-6 flexbox around-xs top-xs space-top-xs\"> <div  class=\"overlay-box flexbox middle-xs center-xs overlay-holder\"> <div  class=\"overlay-box-offset offset-background shadow-medium bg-color2 hide-xs\"><\/div> <img decoding=\"async\"  title=\"puzzle\" class=\"flexbox shadow-large img1\" alt=\"\" src=\"https:\/\/brikardesign.com\/site\/wp-content\/uploads\/2019\/02\/puzzle.png\" data-size=\"500x500\"> <\/div> <\/div> <\/div> <\/div> <\/div><div  class=\"content-16 content-section content-section-spacing\" id=\"content-1\" style=\"background-color: rgb(255, 255, 255); background-image: none;\" data-id=\"content-1\" data-label=\"Content\" data-export-id=\"content-18\" data-category=\"content\"> <div  class=\"gridContainer\"> <div  class=\"row middle-sm\"> <div  class=\"col-sm-6 flexbox around-xs top-xs\"> <div  class=\"overlay-box flexbox middle-xs center-xs overlay-holder\"> <div  class=\"overlay-box-offset offset-background shadow-medium bg-color2 hide-xs\"><\/div> <img decoding=\"async\"  title=\"cadeaux\" class=\"flexbox shadow-large img1\" alt=\"\" src=\"https:\/\/brikardesign.com\/site\/wp-content\/uploads\/2019\/02\/cadeaux.png\" data-size=\"500x500\"> <\/div> <\/div> <div  class=\"col-sm-6\" data-type=\"column\"> <h2  class=\"\"><span  style=\"color: rgb(241, 54, 98);\">PUBLICIT\u00c9S<\/span><\/h2> <p  class=\"\"><span  style=\"font-family: Roboto, arial, helvetica, sans-serif; color: rgb(0, 0, 0); font-weight: 300;\">Solutions promotionnelles pour \u00e9v\u00e8\u00e9nements ou cadeaux d\u2019entreprises.&nbsp;<br >Votre logo sur un de nos produits aura un impact incroyable.&nbsp;<br >G\u00e2tez vos amis, clients etc..<\/span><\/p> <a class=\"button small color6 square outline\" href=\"https:\/\/brikardesign.com\/site\/services\/#content-2\" target=\"_self\" data-cp-link=\"1\" data-icon=\"fa-angle-double-left\" rel=\"noopener noreferrer\"><span  class=\"button-icon fa fa-angle-double-left\"><\/span> contactez-nous <\/a> <\/div> <\/div> <\/div> <\/div><div  class=\"content-17 content-section content-section-spacing\" id=\"content-2\" style=\"background-color: rgb(255, 255, 255);\" data-id=\"content-2\" data-label=\"Content\" data-export-id=\"content-17\" data-category=\"content\"> <div  class=\"gridContainer\"> <div  class=\"row middle-sm\"> <div  class=\"col-sm-6 space-bottom-xs\" data-type=\"column\"> <h2  class=\"\"><span  style=\"color: rgb(221, 153, 51);\"><font  color=\"#001000\">IMAGE DE MARQUE<\/font><\/span><span  id=\"_mce_caret\" data-mce-bogus=\"1\" data-mce-type=\"format-caret\"><span  style=\"color: #fbd01e;\">\ufeff<\/span><\/span><\/h2> <p  class=\"\"><span  style=\"font-family: Roboto, arial, helvetica, sans-serif; font-weight: 300; color: rgb(0, 0, 0);\">Vous avez pris le temps de faire votre image de marque, alors maintenant prenez le temps de le mettre sur diff\u00e9rents produits.\n<br ><br >Vos clients en seront charm\u00e9s et heureux de recevoir ce produit unique.<\/span><\/p> <a class=\"button small color6 square outline\" href=\"https:\/\/brikardesign.com\/site\/services\/#content-2\" target=\"_self\" data-cp-link=\"1\" data-icon=\"fa-angle-double-right\" rel=\"noopener noreferrer\"><span  class=\"button-icon fa fa-angle-double-right\"><\/span> contactez-nous <\/a> <\/div> <div  class=\"col-sm-6 flexbox around-xs top-xs space-top-xs\"> <div  class=\"overlay-box flexbox middle-xs center-xs overlay-holder\"> <div  class=\"overlay-box-offset offset-background shadow-medium bg-color2 hide-xs\"><\/div> <img decoding=\"async\"  title=\"cible-rouge2\" class=\"flexbox shadow-large img1\" alt=\"\" src=\"https:\/\/brikardesign.com\/site\/wp-content\/uploads\/2019\/02\/cible-rouge2.png\" data-size=\"500x500\"> <\/div> <\/div> <\/div> <\/div> <\/div><div  data-label=\"Contact\" data-id=\"contact--1\" data-export-id=\"contact-1\" data-category=\"contact\" class=\"contact-1 content-section content-section-spacing white-text\" data-parallax-depth=\"20\" id=\"contact-2\" style=\"background-color: rgb(245, 250, 253); background-image: url(&quot;https:\/\/brikardesign.com\/site\/wp-content\/uploads\/2018\/04\/261858-P4LPD6-62-1.jpg&quot;); background-size: cover; background-position: center top;\"><div  class=\"gridContainer\"> <div  class=\"row text-center\"><div  class=\"section-title-col\" data-type=\"column\"> <h2  class=\"\">Demandez-nous une soumission<\/h2> <p  class=\"lead\">Il nous fera plaisir de vous faire une estimation de votre projet<\/p><\/div> <\/div> <div  class=\"row text-center\"> <div  class=\"col-xs-12 col-sm-8 col-sm-offset-2 contact-form-wrapper inline-info\"> <div  class=\"card large-padding\"> <div  class=\"\" data-content-shortcode=\"mesmerize_contact_form shortcode=&quot;wpforms id=&amp;amp;quot;593&amp;amp;quot; title=&amp;amp;quot;false&amp;amp;quot; description=&amp;amp;quot;false&amp;amp;quot;&quot;\" data-editable=\"true\"><div class=\"wpforms-container wpforms-container-full\" id=\"wpforms-593\"><form id=\"wpforms-form-593\" class=\"wpforms-validate wpforms-form\" data-formid=\"593\" method=\"post\" enctype=\"multipart\/form-data\" action=\"\/site\/wp-json\/wp\/v2\/pages\/101\" data-token=\"ab213a26c7bcfb1ce166253aaac1c590\" data-token-time=\"1777568930\"><noscript class=\"wpforms-error-noscript\">Veuillez activer JavaScript dans votre navigateur pour remplir ce formulaire.<\/noscript><div class=\"wpforms-field-container\"><div id=\"wpforms-593-field_0-container\" class=\"wpforms-field wpforms-field-name\" data-field-id=\"0\"><label class=\"wpforms-field-label\">Nom <span class=\"wpforms-required-label\">*<\/span><\/label><div class=\"wpforms-field-row wpforms-field-medium\"><div class=\"wpforms-field-row-block wpforms-first wpforms-one-half\"><input type=\"text\" id=\"wpforms-593-field_0\" class=\"wpforms-field-name-first wpforms-field-required\" name=\"wpforms[fields][0][first]\" required><label for=\"wpforms-593-field_0\" class=\"wpforms-field-sublabel after\">Pr\u00e9nom<\/label><\/div><div class=\"wpforms-field-row-block wpforms-one-half\"><input type=\"text\" id=\"wpforms-593-field_0-last\" class=\"wpforms-field-name-last wpforms-field-required\" name=\"wpforms[fields][0][last]\" required><label for=\"wpforms-593-field_0-last\" class=\"wpforms-field-sublabel after\">Nom<\/label><\/div><\/div><\/div><div id=\"wpforms-593-field_1-container\" class=\"wpforms-field wpforms-field-email\" data-field-id=\"1\"><label class=\"wpforms-field-label\" for=\"wpforms-593-field_1\">E-mail <span class=\"wpforms-required-label\">*<\/span><\/label><input type=\"email\" id=\"wpforms-593-field_1\" class=\"wpforms-field-medium wpforms-field-required\" name=\"wpforms[fields][1]\" spellcheck=\"false\" required><\/div><div id=\"wpforms-593-field_2-container\" class=\"wpforms-field wpforms-field-textarea\" data-field-id=\"2\"><label class=\"wpforms-field-label\" for=\"wpforms-593-field_2\">Commentaire ou message <span class=\"wpforms-required-label\">*<\/span><\/label><textarea id=\"wpforms-593-field_2\" class=\"wpforms-field-medium wpforms-field-required\" name=\"wpforms[fields][2]\" required><\/textarea><\/div><\/div><!-- .wpforms-field-container --><div class=\"wpforms-field wpforms-field-hp\"><label for=\"wpforms-593-field-hp\" class=\"wpforms-field-label\">Message<\/label><input type=\"text\" name=\"wpforms[hp]\" id=\"wpforms-593-field-hp\" class=\"wpforms-field-medium\"><\/div><div class=\"wpforms-recaptcha-container wpforms-is-recaptcha wpforms-is-recaptcha-type-v3\" ><input type=\"hidden\" name=\"wpforms[recaptcha]\" value=\"\"><\/div><div class=\"wpforms-submit-container\" ><input type=\"hidden\" name=\"wpforms[id]\" value=\"593\"><input type=\"hidden\" name=\"page_title\" value=\"\"><input type=\"hidden\" name=\"page_url\" value=\"https:\/\/brikardesign.com\/site\/wp-json\/wp\/v2\/pages\/101\"><input type=\"hidden\" name=\"url_referer\" value=\"\"><button type=\"submit\" name=\"wpforms[submit]\" id=\"wpforms-submit-593\" class=\"wpforms-submit\" data-alt-text=\"Envoi...\" data-submit-text=\"Envoyer\" aria-live=\"assertive\" value=\"wpforms-submit\">Envoyer<\/button><\/div><\/form><\/div>  <!-- .wpforms-container --><\/div><\/div> <\/div><\/div> <\/div><\/div>","protected":false},"excerpt":{"rendered":"<p>\u2013 votre entreprise est notre inspiration \u2013BrikarDesign se sp\u00e9cialise dans la vente de produits sans limite de quantit\u00e9s pour la production. CONCEPTION Cr\u00e9er un produit \u00e0 votre image, sans frais de conception. Nous vous faisons approuver la conception avant toute impression. contactez-nous ID\u00c9E UNIQUE Nous vous ferons une image unique vous repr\u00e9sentant ad\u00e9quatement.&nbsp;Vous serez en&hellip; <br \/> <a class=\"read-more\" href=\"https:\/\/brikardesign.com\/site\/services\/\">Read more<\/a><\/p>\n","protected":false},"author":1,"featured_media":0,"parent":0,"menu_order":0,"comment_status":"closed","ping_status":"closed","template":"pro\/page-templates\/full-width-page.php","meta":{"_monsterinsights_skip_tracking":false,"_monsterinsights_sitenote_active":false,"_monsterinsights_sitenote_note":"","_monsterinsights_sitenote_category":0,"_uf_show_specific_survey":0,"_uf_disable_surveys":false,"footnotes":""},"class_list":["post-101","page","type-page","status-publish","hentry"],"aioseo_notices":[],"_links":{"self":[{"href":"https:\/\/brikardesign.com\/site\/wp-json\/wp\/v2\/pages\/101","targetHints":{"allow":["GET"]}}],"collection":[{"href":"https:\/\/brikardesign.com\/site\/wp-json\/wp\/v2\/pages"}],"about":[{"href":"https:\/\/brikardesign.com\/site\/wp-json\/wp\/v2\/types\/page"}],"author":[{"embeddable":true,"href":"https:\/\/brikardesign.com\/site\/wp-json\/wp\/v2\/users\/1"}],"replies":[{"embeddable":true,"href":"https:\/\/brikardesign.com\/site\/wp-json\/wp\/v2\/comments?post=101"}],"version-history":[{"count":15,"href":"https:\/\/brikardesign.com\/site\/wp-json\/wp\/v2\/pages\/101\/revisions"}],"predecessor-version":[{"id":611,"href":"https:\/\/brikardesign.com\/site\/wp-json\/wp\/v2\/pages\/101\/revisions\/611"}],"wp:attachment":[{"href":"https:\/\/brikardesign.com\/site\/wp-json\/wp\/v2\/media?parent=101"}],"curies":[{"name":"wp","href":"https:\/\/api.w.org\/{rel}","templated":true}]}}