{"id":44551,"date":"2025-04-21T10:12:34","date_gmt":"2025-04-21T15:12:34","guid":{"rendered":"https:\/\/brikardesign.com\/impression\/?post_type=product&#038;p=44551"},"modified":"2025-04-21T10:41:58","modified_gmt":"2025-04-21T15:41:58","slug":"panier-cadeaux-maman-mamie","status":"publish","type":"product","link":"https:\/\/brikardesign.com\/impression\/produit\/panier-cadeaux-maman-mamie\/","title":{"rendered":"Panier cadeaux maman-mamie"},"content":{"rendered":"<p>Code : PAN02<\/p>\n<p>Un n superbe panier cadeau &#8220;Maman-Mamie&#8221; !\u00a0 Voici ce qu&#8217;il contient :<\/p>\n<ul>\n<li><strong>Tasse noire\u00a0 avec mot crois\u00e9 de 15 oz<\/strong> : Parfaite pour savourer un bon caf\u00e9 ou th\u00e9.<\/li>\n<li><strong>Linge \u00e0 vaisselle<\/strong> : Toujours utile dans la cuisine.<\/li>\n<li><strong>Sous-verre<\/strong> : Un bel ajout pour prot\u00e9ger les surfaces tout en \u00e9tant esth\u00e9tique.<\/li>\n<li><strong>Bloc-notes avec dessin al\u00e9atoire<\/strong> : Id\u00e9al pour noter ses pens\u00e9es ou sa liste de t\u00e2ches du jour.<\/li>\n<\/ul>\n<p>Ce panier semble \u00eatre un excellent choix pour faire plaisir \u00e0 une maman ou une grand-maman !<\/p>\n","protected":false},"excerpt":{"rendered":"<p>Un n superbe panier cadeau &#8220;Maman-Mamie&#8221; !\u00a0 Voici ce qu&#8217;il contient :<\/p>\n<ul>\n<li><strong>Tasse noire de 15 oz<\/strong> : Parfaite pour savourer un bon caf\u00e9 ou th\u00e9.<\/li>\n<li><strong>Linge \u00e0 vaisselle<\/strong> : Toujours utile dans la cuisine.<\/li>\n<li><strong>Sous-verre<\/strong> : Un bel ajout pour prot\u00e9ger les surfaces tout en \u00e9tant esth\u00e9tique.<\/li>\n<li><strong>Bloc-notes avec dessin al\u00e9atoire<\/strong> : Id\u00e9al pour noter ses pens\u00e9es ou sa liste de t\u00e2ches du jour.<\/li>\n<\/ul>\n<p>Ce panier semble \u00eatre un excellent choix pour faire plaisir \u00e0 une maman ou une grand-maman !<\/p>\n","protected":false},"featured_media":44552,"comment_status":"open","ping_status":"closed","template":"","meta":{"_et_pb_use_builder":"","_et_pb_old_content":"","_et_gb_content_width":""},"product_brand":[],"product_cat":[3243],"product_tag":[3245],"class_list":{"0":"post-44551","1":"product","2":"type-product","3":"status-publish","4":"has-post-thumbnail","6":"product_cat-panier-cadeaux","7":"product_tag-panier-cadeaux-maman-mamie","8":"product_shipping_class-purolator","10":"first","11":"instock","12":"taxable","13":"shipping-taxable","14":"purchasable","15":"product-type-simple"},"_links":{"self":[{"href":"https:\/\/brikardesign.com\/impression\/wp-json\/wp\/v2\/product\/44551","targetHints":{"allow":["GET"]}}],"collection":[{"href":"https:\/\/brikardesign.com\/impression\/wp-json\/wp\/v2\/product"}],"about":[{"href":"https:\/\/brikardesign.com\/impression\/wp-json\/wp\/v2\/types\/product"}],"replies":[{"embeddable":true,"href":"https:\/\/brikardesign.com\/impression\/wp-json\/wp\/v2\/comments?post=44551"}],"wp:featuredmedia":[{"embeddable":true,"href":"https:\/\/brikardesign.com\/impression\/wp-json\/wp\/v2\/media\/44552"}],"wp:attachment":[{"href":"https:\/\/brikardesign.com\/impression\/wp-json\/wp\/v2\/media?parent=44551"}],"wp:term":[{"taxonomy":"product_brand","embeddable":true,"href":"https:\/\/brikardesign.com\/impression\/wp-json\/wp\/v2\/product_brand?post=44551"},{"taxonomy":"product_cat","embeddable":true,"href":"https:\/\/brikardesign.com\/impression\/wp-json\/wp\/v2\/product_cat?post=44551"},{"taxonomy":"product_tag","embeddable":true,"href":"https:\/\/brikardesign.com\/impression\/wp-json\/wp\/v2\/product_tag?post=44551"}],"curies":[{"name":"wp","href":"https:\/\/api.w.org\/{rel}","templated":true}]}}