{"id":44550,"date":"2025-04-21T10:11:59","date_gmt":"2025-04-21T15:11:59","guid":{"rendered":"https:\/\/brikardesign.com\/impression\/?post_type=product&#038;p=44550"},"modified":"2025-04-21T10:41:58","modified_gmt":"2025-04-21T15:41:58","slug":"panier-cadeaux-pour-elle","status":"publish","type":"product","link":"https:\/\/brikardesign.com\/impression\/produit\/panier-cadeaux-pour-elle\/","title":{"rendered":"Panier cadeaux pour elle"},"content":{"rendered":"<p>Code : PAN01<\/p>\n<p>Ce panier cadeau pour elle semble \u00eatre une belle id\u00e9e! Il comprend une <strong>tasse en c\u00e9ramique et li\u00e8ge<\/strong>, qui est compatible avec le <strong>lave-vaisselle et le micro-ondes<\/strong>, et arbore un <strong>dessin de chat<\/strong>. En compl\u00e9ment, il inclut un <strong>sous-verre<\/strong> ainsi qu&#8217;un <strong>bloc-notes<\/strong> avec un <strong>dessin al\u00e9atoire.<\/strong><\/p>\n","protected":false},"excerpt":{"rendered":"<p>Ce panier cadeau pour elle semble \u00eatre une belle id\u00e9e! Il comprend une <strong>tasse en c\u00e9ramique et li\u00e8ge<\/strong>, qui est compatible avec le <strong>lave-vaisselle et le micro-ondes<\/strong>, et arbore un <strong>dessin de chat<\/strong>. En compl\u00e9ment, il inclut un <strong>sous-verre<\/strong> ainsi qu&#8217;un <strong>bloc-notes<\/strong> avec un <strong>dessin al\u00e9atoire.<\/strong><\/p>\n","protected":false},"featured_media":44549,"comment_status":"open","ping_status":"closed","template":"","meta":{"_et_pb_use_builder":"","_et_pb_old_content":"","_et_gb_content_width":""},"product_brand":[],"product_cat":[3243],"product_tag":[3244],"class_list":{"0":"post-44550","1":"product","2":"type-product","3":"status-publish","4":"has-post-thumbnail","6":"product_cat-panier-cadeaux","7":"product_tag-panier-cadeau-pour-elle","8":"product_shipping_class-purolator","10":"first","11":"instock","12":"taxable","13":"shipping-taxable","14":"purchasable","15":"product-type-simple"},"_links":{"self":[{"href":"https:\/\/brikardesign.com\/impression\/wp-json\/wp\/v2\/product\/44550","targetHints":{"allow":["GET"]}}],"collection":[{"href":"https:\/\/brikardesign.com\/impression\/wp-json\/wp\/v2\/product"}],"about":[{"href":"https:\/\/brikardesign.com\/impression\/wp-json\/wp\/v2\/types\/product"}],"replies":[{"embeddable":true,"href":"https:\/\/brikardesign.com\/impression\/wp-json\/wp\/v2\/comments?post=44550"}],"wp:featuredmedia":[{"embeddable":true,"href":"https:\/\/brikardesign.com\/impression\/wp-json\/wp\/v2\/media\/44549"}],"wp:attachment":[{"href":"https:\/\/brikardesign.com\/impression\/wp-json\/wp\/v2\/media?parent=44550"}],"wp:term":[{"taxonomy":"product_brand","embeddable":true,"href":"https:\/\/brikardesign.com\/impression\/wp-json\/wp\/v2\/product_brand?post=44550"},{"taxonomy":"product_cat","embeddable":true,"href":"https:\/\/brikardesign.com\/impression\/wp-json\/wp\/v2\/product_cat?post=44550"},{"taxonomy":"product_tag","embeddable":true,"href":"https:\/\/brikardesign.com\/impression\/wp-json\/wp\/v2\/product_tag?post=44550"}],"curies":[{"name":"wp","href":"https:\/\/api.w.org\/{rel}","templated":true}]}}