{"id":39440,"date":"2022-09-21T10:16:27","date_gmt":"2022-09-21T15:16:27","guid":{"rendered":"https:\/\/brikardesign.com\/impression\/?post_type=product&#038;p=39440"},"modified":"2024-10-25T10:02:58","modified_gmt":"2024-10-25T15:02:58","slug":"thermos-licorne","status":"publish","type":"product","link":"https:\/\/brikardesign.com\/impression\/produit\/thermos-licorne\/","title":{"rendered":"Thermos Licorne"},"content":{"rendered":"<p>CODE 00178-02<\/p>\n<p><strong>Thermos licorne<\/strong><\/p>\n<p>La bouteille thermos en acier inoxydable \u00e0 double paroi garde les boissons au frais ou au chaud de mani\u00e8re fiable.<\/p>\n<p>Contenu approx.: de 500 ml (18 onces)<\/p>\n<p>Le design du filetage de vis pivote plus fermement sans fuite.<\/p>\n<p>Vous pouvez \u00e9galement\u00a0 verser le liquide dans le couvercle pour boire .<\/p>\n<p>Cordon inclus.<\/p>\n<p>Le produits peut \u00eatre personnalis\u00e9 avec un nom gratuitement. ajouter une note ou envoyer \u00e0 <a href=\"mailto:vente@brikardesign.com\">vente@brikardesign.com<\/a><\/p>\n<p>Ces thermos de voyage sont adapt\u00e9s pour \u00eatre utilis\u00e9s \u00e0 la maison, bureau, \u00e9cole.<\/p>\n<p>Une belle id\u00e9e cadeau<\/p>\n","protected":false},"excerpt":{"rendered":"<p><strong>Thermos licorne<\/strong><\/p>\n<ul>\n<li>La bouteille thermos en acier inoxydable \u00e0 double paroi garde les boissons au frais ou au chaud de mani\u00e8re fiable.<\/li>\n<li>Contenu approx.: de 500 ml (18 onces)<\/li>\n<li>Le produits peut \u00eatre personnalis\u00e9 avec un nom gratuitement. ajouter une note ou envoyer \u00e0 <a href=\"mailto:vente@brikardesign.com\">vente@brikardesign.com<\/a><\/li>\n<li><\/li>\n<\/ul>\n","protected":false},"featured_media":39442,"comment_status":"open","ping_status":"closed","template":"","meta":{"_et_pb_use_builder":"","_et_pb_old_content":"","_et_gb_content_width":""},"product_brand":[],"product_cat":[1854],"product_tag":[1638,1639],"class_list":{"0":"post-39440","1":"product","2":"type-product","3":"status-publish","4":"has-post-thumbnail","6":"product_cat-tumbler-bouteille","7":"product_tag-sub00178-01","8":"product_tag-thermos-licorne","9":"product_shipping_class-purolator","11":"first","12":"instock","13":"taxable","14":"shipping-taxable","15":"purchasable","16":"product-type-simple"},"_links":{"self":[{"href":"https:\/\/brikardesign.com\/impression\/wp-json\/wp\/v2\/product\/39440","targetHints":{"allow":["GET"]}}],"collection":[{"href":"https:\/\/brikardesign.com\/impression\/wp-json\/wp\/v2\/product"}],"about":[{"href":"https:\/\/brikardesign.com\/impression\/wp-json\/wp\/v2\/types\/product"}],"replies":[{"embeddable":true,"href":"https:\/\/brikardesign.com\/impression\/wp-json\/wp\/v2\/comments?post=39440"}],"wp:featuredmedia":[{"embeddable":true,"href":"https:\/\/brikardesign.com\/impression\/wp-json\/wp\/v2\/media\/39442"}],"wp:attachment":[{"href":"https:\/\/brikardesign.com\/impression\/wp-json\/wp\/v2\/media?parent=39440"}],"wp:term":[{"taxonomy":"product_brand","embeddable":true,"href":"https:\/\/brikardesign.com\/impression\/wp-json\/wp\/v2\/product_brand?post=39440"},{"taxonomy":"product_cat","embeddable":true,"href":"https:\/\/brikardesign.com\/impression\/wp-json\/wp\/v2\/product_cat?post=39440"},{"taxonomy":"product_tag","embeddable":true,"href":"https:\/\/brikardesign.com\/impression\/wp-json\/wp\/v2\/product_tag?post=39440"}],"curies":[{"name":"wp","href":"https:\/\/api.w.org\/{rel}","templated":true}]}}