{"id":37890,"date":"2022-04-05T14:59:09","date_gmt":"2022-04-05T19:59:09","guid":{"rendered":"https:\/\/brikardesign.com\/impression\/?post_type=product&#038;p=37890"},"modified":"2023-02-21T16:37:33","modified_gmt":"2023-02-21T21:37:33","slug":"macaron-miroir-je-dort-un-peu-partout-2-5po","status":"publish","type":"product","link":"https:\/\/brikardesign.com\/impression\/produit\/macaron-miroir-je-dort-un-peu-partout-2-5po\/","title":{"rendered":"Macaron miroir Je dort un peu partout 2.5po"},"content":{"rendered":"<ul>\n<li>Macaron\u00a0 de 2.5 po. de diam\u00e8tre\u00a0 avec miroir<\/li>\n<li>Imprim\u00e9 et assembl\u00e9 au Qu\u00e9bec<\/li>\n<li><strong>Frais de montage:\u00a0\u00a0GRATUIT<\/strong><\/li>\n<li>Pour une plus grande quantit\u00e9\u00a0 communiquer avec nous.<\/li>\n<li><strong>Le montage est toujours gratuit.<\/strong><br \/>\n<strong>Nous faire parvenir vos textes ou photos si d\u00e9sir\u00e9es pour personnaliser l\u2019affiche \u00e0 vente@brikardesign.com et nous ferons le montage et proc\u00e9derons \u00e0 la sublimation seulement apr\u00e8s votre approbation. Pour des quantit\u00e9s, n\u2019h\u00e9sitez pas \u00e0 communiquer avec nous<\/strong><\/li>\n<\/ul>\n","protected":false},"excerpt":{"rendered":"<p>Macaron\u00a0 de 2.5 po. de diam\u00e8tre\u00a0 avec miroir Imprim\u00e9 et assembl\u00e9 au Qu\u00e9bec Frais de montage:\u00a0\u00a0GRATUIT Pour une plus grande quantit\u00e9\u00a0 communiquer avec nous. Le montage est toujours gratuit. Nous faire parvenir vos textes ou photos si d\u00e9sir\u00e9es pour personnaliser l\u2019affiche \u00e0 vente@brikardesign.com et nous ferons le montage et proc\u00e9derons \u00e0 la sublimation seulement apr\u00e8s [&hellip;]<\/p>\n","protected":false},"featured_media":37895,"comment_status":"open","ping_status":"closed","template":"","meta":{"_et_pb_use_builder":"","_et_pb_old_content":"","_et_gb_content_width":""},"product_brand":[],"product_cat":[1245],"product_tag":[1254,1253],"class_list":{"0":"post-37890","1":"product","2":"type-product","3":"status-publish","4":"has-post-thumbnail","6":"product_cat-macaron","7":"product_tag-macaron-miroir","8":"product_tag-sub00160-00","9":"product_shipping_class-forfait","11":"first","12":"instock","13":"sale","14":"taxable","15":"shipping-taxable","16":"purchasable","17":"product-type-variable","18":"has-default-attributes"},"_links":{"self":[{"href":"https:\/\/brikardesign.com\/impression\/wp-json\/wp\/v2\/product\/37890","targetHints":{"allow":["GET"]}}],"collection":[{"href":"https:\/\/brikardesign.com\/impression\/wp-json\/wp\/v2\/product"}],"about":[{"href":"https:\/\/brikardesign.com\/impression\/wp-json\/wp\/v2\/types\/product"}],"replies":[{"embeddable":true,"href":"https:\/\/brikardesign.com\/impression\/wp-json\/wp\/v2\/comments?post=37890"}],"wp:featuredmedia":[{"embeddable":true,"href":"https:\/\/brikardesign.com\/impression\/wp-json\/wp\/v2\/media\/37895"}],"wp:attachment":[{"href":"https:\/\/brikardesign.com\/impression\/wp-json\/wp\/v2\/media?parent=37890"}],"wp:term":[{"taxonomy":"product_brand","embeddable":true,"href":"https:\/\/brikardesign.com\/impression\/wp-json\/wp\/v2\/product_brand?post=37890"},{"taxonomy":"product_cat","embeddable":true,"href":"https:\/\/brikardesign.com\/impression\/wp-json\/wp\/v2\/product_cat?post=37890"},{"taxonomy":"product_tag","embeddable":true,"href":"https:\/\/brikardesign.com\/impression\/wp-json\/wp\/v2\/product_tag?post=37890"}],"curies":[{"name":"wp","href":"https:\/\/api.w.org\/{rel}","templated":true}]}}