{"id":37746,"date":"2022-03-25T10:50:12","date_gmt":"2022-03-25T15:50:12","guid":{"rendered":"https:\/\/brikardesign.com\/impression\/?post_type=product&#038;p=37746"},"modified":"2023-02-21T16:38:41","modified_gmt":"2023-02-21T21:38:41","slug":"macaron-porte-cles-couleur","status":"publish","type":"product","link":"https:\/\/brikardesign.com\/impression\/produit\/macaron-porte-cles-couleur\/","title":{"rendered":"Macaron porte-cl\u00e9s couleur"},"content":{"rendered":"<ul>\n<li><a href=\"#\"><br \/>\nTarif unitaire<br \/>\n<\/a><\/li>\n<li><a href=\"#\"><br \/>\nTarif pour 12<br \/>\n<\/a><\/li>\n<\/ul>\n<p>Prix unitaire : 2.50 $<\/p>\n<p>Prix pour 12\u00a0 \/ 28.80$<\/p>\n<ul>\n<li>Macaron\u00a0 porte-cl\u00e9\u00a0 de 1 po. de diam\u00e8tre<\/li>\n<li>Imprim\u00e9 et assembl\u00e9 au Qu\u00e9bec<\/li>\n<li><strong>Frais de montage:\u00a0\u00a0GRATUIT<\/strong><\/li>\n<li>Quantit\u00e9 minimum\u00a0 12<\/li>\n<li><strong>Le montage est toujours gratuit.<\/strong><br \/>\n<strong>Nous faire parvenir vos textes \u00e0 vente@brikardesign.com et nous ferons le montage et proc\u00e9derons \u00e0 la sublimation seulement apr\u00e8s votre approbation. Pour des quantit\u00e9s, n\u2019h\u00e9sitez pas \u00e0 communiquer avec nous<\/strong><\/li>\n<\/ul>\n","protected":false},"excerpt":{"rendered":"<ul>\n<li>Vendu \u00e0 la douzaine<\/li>\n<li>Choix de couleur (Bleu, Orange, Rouge, Vert)<\/li>\n<li>Peut-\u00eatre vendu en douzaine couleur m\u00e9langer.<\/li>\n<li>Inscription 3 lignes<\/li>\n<li>Envoyer inscriptions \u00e0 <a href=\"mailto:vente@brikardesign.com\">vente@brikardesign.com<\/a><\/li>\n<\/ul>\n","protected":false},"featured_media":37779,"comment_status":"open","ping_status":"closed","template":"","meta":{"_et_pb_use_builder":"","_et_pb_old_content":"","_et_gb_content_width":""},"product_brand":[],"product_cat":[1245,534],"product_tag":[1303,1302],"class_list":{"0":"post-37746","1":"product","2":"type-product","3":"status-publish","4":"has-post-thumbnail","6":"product_cat-macaron","7":"product_cat-porte-cles","8":"product_tag-porte-cles-personnalise-de-couleur","9":"product_tag-sub00163-03","10":"product_shipping_class-purolator","12":"first","13":"instock","14":"sale","15":"taxable","16":"shipping-taxable","17":"purchasable","18":"product-type-variable","19":"has-default-attributes"},"_links":{"self":[{"href":"https:\/\/brikardesign.com\/impression\/wp-json\/wp\/v2\/product\/37746","targetHints":{"allow":["GET"]}}],"collection":[{"href":"https:\/\/brikardesign.com\/impression\/wp-json\/wp\/v2\/product"}],"about":[{"href":"https:\/\/brikardesign.com\/impression\/wp-json\/wp\/v2\/types\/product"}],"replies":[{"embeddable":true,"href":"https:\/\/brikardesign.com\/impression\/wp-json\/wp\/v2\/comments?post=37746"}],"wp:featuredmedia":[{"embeddable":true,"href":"https:\/\/brikardesign.com\/impression\/wp-json\/wp\/v2\/media\/37779"}],"wp:attachment":[{"href":"https:\/\/brikardesign.com\/impression\/wp-json\/wp\/v2\/media?parent=37746"}],"wp:term":[{"taxonomy":"product_brand","embeddable":true,"href":"https:\/\/brikardesign.com\/impression\/wp-json\/wp\/v2\/product_brand?post=37746"},{"taxonomy":"product_cat","embeddable":true,"href":"https:\/\/brikardesign.com\/impression\/wp-json\/wp\/v2\/product_cat?post=37746"},{"taxonomy":"product_tag","embeddable":true,"href":"https:\/\/brikardesign.com\/impression\/wp-json\/wp\/v2\/product_tag?post=37746"}],"curies":[{"name":"wp","href":"https:\/\/api.w.org\/{rel}","templated":true}]}}

Macaron porte-clés couleur

<ul>
<li><a href="#"><br />
Tarif unitaire<br />
</a></li>
<li><a href="#"><br />
Tarif pour 12<br />
</a></li>
</ul>
<p>Prix unitaire : 2.50 $</p>
<p>Prix pour 12  / 28.80$</p>
<ul>
<li>Macaron  porte-clé  de 1 po. de diamètre</li>
<li>Imprimé et assemblé au Québec</li>
<li><strong>Frais de montage:  GRATUIT</strong></li>
<li>Quantité minimum  12</li>
<li><strong>Le montage est toujours gratuit.</strong><br />
<strong>Nous faire parvenir vos textes à vente@brikardesign.com et nous ferons le montage et procéderons à la sublimation seulement après votre approbation. Pour des quantités, n’hésitez pas à communiquer avec nous</strong></li>
</ul>

<ul>
<li>Vendu à la douzaine</li>
<li>Choix de couleur (Bleu, Orange, Rouge, Vert)</li>
<li>Peut-être vendu en douzaine couleur mélanger.</li>
<li>Inscription 3 lignes</li>
<li>Envoyer inscriptions à <a href="mailto:vente@brikardesign.com">vente@brikardesign.com</a></li>
</ul>
