{"id":36030,"date":"2022-01-21T17:22:58","date_gmt":"2022-01-21T22:22:58","guid":{"rendered":"https:\/\/brikardesign.com\/impression\/?post_type=product&#038;p=36030"},"modified":"2025-03-18T16:57:50","modified_gmt":"2025-03-18T21:57:50","slug":"serviette-a-main-personnalisee","status":"publish","type":"product","link":"https:\/\/brikardesign.com\/impression\/produit\/serviette-a-main-personnalisee\/","title":{"rendered":"Serviette \u00e0 main personnalis\u00e9e"},"content":{"rendered":"<p>CODE 00123-00<br \/>\n<strong>Serviette \u00e0 main personnalis\u00e9e<\/strong><\/p>\n<ul>\n<li>Tissu en microfibre doux et lisse est tr\u00e8s absorbant.<\/li>\n<li>Peuvent \u00eatre imprim\u00e9s avec un logo de l&#8217;entreprise, le nom personnel ou tout ce que vous d\u00e9sirez.<\/li>\n<li>Les serviettes de toilette\u00a0 sont id\u00e9ales pour se s\u00e9cher les mains, que ce soit \u00e0 la maison ou en camping.<\/li>\n<li>Dimensions approx. : 12&#8243; x12&#8243; ( 30cm x 30 cm)<\/li>\n<li><\/li>\n<li>100% Polyester &#8211; C\u00f4t\u00e9 Imagerie<\/li>\n<li>100% Tissu \u00c9ponge Coton &#8211; Face arri\u00e8re<\/li>\n<li>Absorption de l&#8217;eau<\/li>\n<li>Doux et lisse<\/li>\n<\/ul>\n<p>&nbsp;<\/p>\n","protected":false},"excerpt":{"rendered":"<p>CODE 00123-00 Serviette \u00e0 main personnalis\u00e9e Tissu en microfibre doux et lisse est tr\u00e8s absorbant. Peuvent \u00eatre imprim\u00e9s avec un logo de l&#8217;entreprise, le nom personnel ou tout ce que vous d\u00e9sirez. Les serviettes de toilette\u00a0 sont id\u00e9ales pour se s\u00e9cher les mains, que ce soit \u00e0 la maison ou en camping. Dimensions approx. : [&hellip;]<\/p>\n","protected":false},"featured_media":36409,"comment_status":"open","ping_status":"closed","template":"","meta":{"_et_pb_use_builder":"","_et_pb_old_content":"","_et_gb_content_width":""},"product_brand":[],"product_cat":[537],"product_tag":[1192,1191],"class_list":{"0":"post-36030","1":"product","2":"type-product","3":"status-publish","4":"has-post-thumbnail","6":"product_cat-textiles-sacs","7":"product_tag-serviette-a-main","8":"product_tag-sub00123-00","9":"product_shipping_class-minimumcertains-produits","11":"first","12":"instock","13":"taxable","14":"shipping-taxable","15":"purchasable","16":"product-type-simple"},"_links":{"self":[{"href":"https:\/\/brikardesign.com\/impression\/wp-json\/wp\/v2\/product\/36030","targetHints":{"allow":["GET"]}}],"collection":[{"href":"https:\/\/brikardesign.com\/impression\/wp-json\/wp\/v2\/product"}],"about":[{"href":"https:\/\/brikardesign.com\/impression\/wp-json\/wp\/v2\/types\/product"}],"replies":[{"embeddable":true,"href":"https:\/\/brikardesign.com\/impression\/wp-json\/wp\/v2\/comments?post=36030"}],"wp:featuredmedia":[{"embeddable":true,"href":"https:\/\/brikardesign.com\/impression\/wp-json\/wp\/v2\/media\/36409"}],"wp:attachment":[{"href":"https:\/\/brikardesign.com\/impression\/wp-json\/wp\/v2\/media?parent=36030"}],"wp:term":[{"taxonomy":"product_brand","embeddable":true,"href":"https:\/\/brikardesign.com\/impression\/wp-json\/wp\/v2\/product_brand?post=36030"},{"taxonomy":"product_cat","embeddable":true,"href":"https:\/\/brikardesign.com\/impression\/wp-json\/wp\/v2\/product_cat?post=36030"},{"taxonomy":"product_tag","embeddable":true,"href":"https:\/\/brikardesign.com\/impression\/wp-json\/wp\/v2\/product_tag?post=36030"}],"curies":[{"name":"wp","href":"https:\/\/api.w.org\/{rel}","templated":true}]}}