{"id":35925,"date":"2022-01-16T15:04:53","date_gmt":"2022-01-16T20:04:53","guid":{"rendered":"https:\/\/brikardesign.com\/impression\/?post_type=product&#038;p=35925"},"modified":"2023-02-21T18:35:46","modified_gmt":"2023-02-21T23:35:46","slug":"serviette-de-sport-avec-clip","status":"publish","type":"product","link":"https:\/\/brikardesign.com\/impression\/produit\/serviette-de-sport-avec-clip\/","title":{"rendered":"Serviette de sport avec clip"},"content":{"rendered":"<h1 class=\"product-single__title\">Serviette de sport avec clip<\/h1>\n<p>Article utile\u00a0 avec tant d\u2019utilisations!<\/p>\n<ul>\n<li>Dimensions :\u00a0 ( 31.5x 18 cm) 13&#8243;X 7&#8243; . Impressions 1 c\u00f4t\u00e9<\/li>\n<li>Avec \u0153illet\u00a0 et crochet style mousqueton<\/li>\n<li>Blanc<\/li>\n<li>L\u00e9ger<\/li>\n<li>Excellente id\u00e9e pour le golf, la p\u00eache, le barbecue, le camping ou n\u2019importe o\u00f9 une serviette rapide est utile.<\/li>\n<li><span style=\"color: #ff0000;\"><strong>Le montage est toujours gratuit.<\/strong><\/span><br \/>\n<strong><span style=\"color: #ff0000;\">Nous faire parvenir vos textes o\u00f9 photos \u00e0\u00a0<a style=\"color: #ff0000;\" href=\"https:\/\/brikardesign.com\/impression\/produit\/poignee-pour-le-four-personnalise-en-lin\/vente@brikadesign.com\">vente@brikardesign.com<\/a>\u00a0et nous ferons le montage et proc\u00e9derons \u00e0 la sublimation seulement apr\u00e8s votre approbation<\/span><\/strong><\/li>\n<\/ul>\n","protected":false},"excerpt":{"rendered":"<p>Serviette de sport avec clip Article utile\u00a0 avec tant d\u2019utilisations! Dimensions :\u00a0 ( 31.5x 18 cm) 13&#8243;X 7&#8243; . Impressions 1 c\u00f4t\u00e9 Avec \u0153illet\u00a0 et crochet style mousqueton Blanc L\u00e9ger Excellente id\u00e9e pour le golf, la p\u00eache, le barbecue, le camping ou n\u2019importe o\u00f9 une serviette rapide est utile. Le montage est toujours gratuit. Nous [&hellip;]<\/p>\n","protected":false},"featured_media":36726,"comment_status":"open","ping_status":"closed","template":"","meta":{"_et_pb_use_builder":"","_et_pb_old_content":"","_et_gb_content_width":""},"product_brand":[],"product_cat":[537],"product_tag":[1167,1168],"class_list":{"0":"post-35925","1":"product","2":"type-product","3":"status-publish","4":"has-post-thumbnail","6":"product_cat-textiles-sacs","7":"product_tag-serviette-de-peche-ou-de-golf-avec-clip","8":"product_tag-sub00079-00","9":"product_shipping_class-minimumcertains-produits","11":"first","12":"instock","13":"taxable","14":"shipping-taxable","15":"purchasable","16":"product-type-simple"},"_links":{"self":[{"href":"https:\/\/brikardesign.com\/impression\/wp-json\/wp\/v2\/product\/35925","targetHints":{"allow":["GET"]}}],"collection":[{"href":"https:\/\/brikardesign.com\/impression\/wp-json\/wp\/v2\/product"}],"about":[{"href":"https:\/\/brikardesign.com\/impression\/wp-json\/wp\/v2\/types\/product"}],"replies":[{"embeddable":true,"href":"https:\/\/brikardesign.com\/impression\/wp-json\/wp\/v2\/comments?post=35925"}],"wp:featuredmedia":[{"embeddable":true,"href":"https:\/\/brikardesign.com\/impression\/wp-json\/wp\/v2\/media\/36726"}],"wp:attachment":[{"href":"https:\/\/brikardesign.com\/impression\/wp-json\/wp\/v2\/media?parent=35925"}],"wp:term":[{"taxonomy":"product_brand","embeddable":true,"href":"https:\/\/brikardesign.com\/impression\/wp-json\/wp\/v2\/product_brand?post=35925"},{"taxonomy":"product_cat","embeddable":true,"href":"https:\/\/brikardesign.com\/impression\/wp-json\/wp\/v2\/product_cat?post=35925"},{"taxonomy":"product_tag","embeddable":true,"href":"https:\/\/brikardesign.com\/impression\/wp-json\/wp\/v2\/product_tag?post=35925"}],"curies":[{"name":"wp","href":"https:\/\/api.w.org\/{rel}","templated":true}]}}