{"id":35635,"date":"2022-01-07T15:58:51","date_gmt":"2022-01-07T20:58:51","guid":{"rendered":"https:\/\/brikardesign.com\/impression\/?post_type=product&#038;p=35635"},"modified":"2023-02-21T15:30:17","modified_gmt":"2023-02-21T20:30:17","slug":"porte-cles-mural-personnalise","status":"publish","type":"product","link":"https:\/\/brikardesign.com\/impression\/produit\/porte-cles-mural-personnalise\/","title":{"rendered":"Porte-cl\u00e9s mural personnalis\u00e9"},"content":{"rendered":"<p><strong>Porte-cl\u00e9s mural personnalis\u00e9<\/strong><\/p>\n<ul>\n<li>Dimensions 5&#8243; x 11&#8243; x\u00bd&#8221; (12.5 x 28 x 1.5cm)<\/li>\n<li>Fini lustr\u00e9 et lavable.<\/li>\n<li>4 crochets inclus<\/li>\n<li>Nous faire parvenir vos textes et photos \u00e0 <a href=\"https:\/\/brikardesign.com\/impression\/produit\/portefeuille-femme-personnalise\/vente@brikardesign.com\">vente@brikardesign.com<\/a> et nous ferons le montage et proc\u00e9derons \u00e0 la sublimation seulement apr\u00e8s votre approbation.<\/li>\n<li>Pour des quantit\u00e9s, n\u2019h\u00e9sitez pas \u00e0 communiquer avec nous<\/li>\n<\/ul>\n","protected":false},"excerpt":{"rendered":"<p>Porte-cl\u00e9s mural personnalis\u00e9 Dimensions 5&#8243; x 11&#8243; x\u00bd&#8221; (12.5 x 28 x 1.5cm) Fini lustr\u00e9 et lavable. 4 crochets inclus Nous faire parvenir vos textes et photos \u00e0 vente@brikardesign.com et nous ferons le montage et proc\u00e9derons \u00e0 la sublimation seulement apr\u00e8s votre approbation. Pour des quantit\u00e9s, n\u2019h\u00e9sitez pas \u00e0 communiquer avec nous<\/p>\n","protected":false},"featured_media":37014,"comment_status":"open","ping_status":"closed","template":"","meta":{"_et_pb_use_builder":"","_et_pb_old_content":"","_et_gb_content_width":""},"product_brand":[],"product_cat":[534],"product_tag":[1113,1114],"class_list":{"0":"post-35635","1":"product","2":"type-product","3":"status-publish","4":"has-post-thumbnail","6":"product_cat-porte-cles","7":"product_tag-porte-cles-mural","8":"product_tag-sub00037-00","9":"product_shipping_class-purolator","11":"first","12":"instock","13":"taxable","14":"shipping-taxable","15":"purchasable","16":"product-type-simple"},"_links":{"self":[{"href":"https:\/\/brikardesign.com\/impression\/wp-json\/wp\/v2\/product\/35635","targetHints":{"allow":["GET"]}}],"collection":[{"href":"https:\/\/brikardesign.com\/impression\/wp-json\/wp\/v2\/product"}],"about":[{"href":"https:\/\/brikardesign.com\/impression\/wp-json\/wp\/v2\/types\/product"}],"replies":[{"embeddable":true,"href":"https:\/\/brikardesign.com\/impression\/wp-json\/wp\/v2\/comments?post=35635"}],"wp:featuredmedia":[{"embeddable":true,"href":"https:\/\/brikardesign.com\/impression\/wp-json\/wp\/v2\/media\/37014"}],"wp:attachment":[{"href":"https:\/\/brikardesign.com\/impression\/wp-json\/wp\/v2\/media?parent=35635"}],"wp:term":[{"taxonomy":"product_brand","embeddable":true,"href":"https:\/\/brikardesign.com\/impression\/wp-json\/wp\/v2\/product_brand?post=35635"},{"taxonomy":"product_cat","embeddable":true,"href":"https:\/\/brikardesign.com\/impression\/wp-json\/wp\/v2\/product_cat?post=35635"},{"taxonomy":"product_tag","embeddable":true,"href":"https:\/\/brikardesign.com\/impression\/wp-json\/wp\/v2\/product_tag?post=35635"}],"curies":[{"name":"wp","href":"https:\/\/api.w.org\/{rel}","templated":true}]}}