{"id":35624,"date":"2022-01-05T16:25:44","date_gmt":"2022-01-05T21:25:44","guid":{"rendered":"https:\/\/brikardesign.com\/impression\/?post_type=product&#038;p=35624"},"modified":"2023-02-21T16:11:30","modified_gmt":"2023-02-21T21:11:30","slug":"cadre-cest-toujours-lheure-du-vin-chez-nous","status":"publish","type":"product","link":"https:\/\/brikardesign.com\/impression\/produit\/cadre-cest-toujours-lheure-du-vin-chez-nous\/","title":{"rendered":"Cadre c&#8217;est toujours l&#8217;heure du vin chez nous"},"content":{"rendered":"<p><strong>Cadre &#8221; C&#8217;est toujours l&#8217;heure du vin chez nous&#8221;<\/strong><br \/>\nLes textes et images sont sublim\u00e9s directement sur la surface en aluminium<br \/>\nFix\u00e9 sur un panneau de fibres de bois<br \/>\nPr\u00eat \u00e0 accrocher<br \/>\nDimensions: 24 cm x 12 cm x 1.5 cm \/ 9 1\/2&#8243; x 4 3\/4&#8243; x 1\/2 &#8220;Approx.<\/p>\n","protected":false},"excerpt":{"rendered":"<p>Cadre &#8221; C&#8217;est toujours l&#8217;heure du vin chez nous&#8221; Les textes et images sont sublim\u00e9s directement sur la surface en aluminium Fix\u00e9 sur un panneau de fibres de bois Pr\u00eat \u00e0 accrocher Dimensions: 24 cm x 12 cm x 1.5 cm \/ 9 1\/2&#8243; x 4 3\/4&#8243; x 1\/2 &#8220;Approx.<\/p>\n","protected":false},"featured_media":36737,"comment_status":"open","ping_status":"closed","template":"","meta":{"_et_pb_use_builder":"","_et_pb_old_content":"","_et_gb_content_width":""},"product_brand":[],"product_cat":[522],"product_tag":[798,1106],"class_list":{"0":"post-35624","1":"product","2":"type-product","3":"status-publish","4":"has-post-thumbnail","6":"product_cat-cadres","7":"product_tag-cadre-lheure-du-vin","8":"product_tag-sub00084-04","9":"product_shipping_class-purolator","11":"first","12":"instock","13":"taxable","14":"shipping-taxable","15":"purchasable","16":"product-type-simple"},"_links":{"self":[{"href":"https:\/\/brikardesign.com\/impression\/wp-json\/wp\/v2\/product\/35624","targetHints":{"allow":["GET"]}}],"collection":[{"href":"https:\/\/brikardesign.com\/impression\/wp-json\/wp\/v2\/product"}],"about":[{"href":"https:\/\/brikardesign.com\/impression\/wp-json\/wp\/v2\/types\/product"}],"replies":[{"embeddable":true,"href":"https:\/\/brikardesign.com\/impression\/wp-json\/wp\/v2\/comments?post=35624"}],"wp:featuredmedia":[{"embeddable":true,"href":"https:\/\/brikardesign.com\/impression\/wp-json\/wp\/v2\/media\/36737"}],"wp:attachment":[{"href":"https:\/\/brikardesign.com\/impression\/wp-json\/wp\/v2\/media?parent=35624"}],"wp:term":[{"taxonomy":"product_brand","embeddable":true,"href":"https:\/\/brikardesign.com\/impression\/wp-json\/wp\/v2\/product_brand?post=35624"},{"taxonomy":"product_cat","embeddable":true,"href":"https:\/\/brikardesign.com\/impression\/wp-json\/wp\/v2\/product_cat?post=35624"},{"taxonomy":"product_tag","embeddable":true,"href":"https:\/\/brikardesign.com\/impression\/wp-json\/wp\/v2\/product_tag?post=35624"}],"curies":[{"name":"wp","href":"https:\/\/api.w.org\/{rel}","templated":true}]}}