{"id":35396,"date":"2021-11-29T11:58:31","date_gmt":"2021-11-29T16:58:31","guid":{"rendered":"https:\/\/brikardesign.com\/impression\/?post_type=product&#038;p=35396"},"modified":"2025-10-14T13:20:14","modified_gmt":"2025-10-14T18:20:14","slug":"paillasson-chasseur-orignal","status":"publish","type":"product","link":"https:\/\/brikardesign.com\/impression\/produit\/paillasson-chasseur-orignal\/","title":{"rendered":"Paillasson chasseur orignal"},"content":{"rendered":"<p>CODDE: SUB00147-08<\/p>\n<p><strong>Paillasson chasseur orignal personnalis\u00e9<\/strong><\/p>\n<p>Les paillassons sont fabriqu\u00e9s en fibre de coco \u00e0 99.5%, endos antid\u00e9rapant<br \/>\nNous le personnalisons \u00e0 votre besoin l\u00e9ger suppl\u00e9ment<\/p>\n<p>\u00c9crire par courriel \u00e0<a href=\"mailto:info@brikardesign.com\"> info@brikardesign.com<\/a><\/p>\n<p>Grandeur approx. : 40 x 60 cm (16 x 24 &#8220;pouces)<\/p>\n<p><strong>Entretien facile:\u00a0<\/strong><\/p>\n<p>Il suffit de le secouer, de passer l&#8217;aspirateur une fois de temps en temps.<\/p>\n<ul>\n<li>Ne pas laver, ne pas mettre d&#8217;eau de javel, ne pas faire s\u00e9cher par culbutage, pas de nettoyage \u00e0 sec.<\/li>\n<\/ul>\n","protected":false},"excerpt":{"rendered":"<p><strong>Paillasson chasseur orignal personnalis\u00e9<\/strong><\/p>\n<p>Les paillassons sont fabriqu\u00e9s en fibre de coco \u00e0 99.5%, endos antid\u00e9rapant<br \/>\nNous le personnalisons \u00e0 votre besoin l\u00e9ger suppl\u00e9ment<\/p>\n<p>\u00c9crire par courriel \u00e0<a href=\"mailto:info@brikardesign.com\"> info@brikardesign.com<\/a><\/p>\n<p>Grandeur approx. : 40 x 60 cm (16 x 24 &#8220;pouces)<\/p>\n","protected":false},"featured_media":36296,"comment_status":"open","ping_status":"closed","template":"","meta":{"_et_pb_use_builder":"","_et_pb_old_content":"","_et_gb_content_width":""},"product_brand":[],"product_cat":[1007,3432],"product_tag":[1039,1442],"class_list":{"0":"post-35396","1":"product","2":"type-product","3":"status-publish","4":"has-post-thumbnail","6":"product_cat-paillasson","7":"product_cat-special","8":"product_tag-paillasson-chasseur-orignal","9":"product_tag-paillasson-perssonnalise","10":"product_shipping_class-purolator","12":"first","13":"outofstock","14":"sale","15":"featured","16":"sold-individually","17":"taxable","18":"shipping-taxable","19":"purchasable","20":"product-type-simple"},"_links":{"self":[{"href":"https:\/\/brikardesign.com\/impression\/wp-json\/wp\/v2\/product\/35396","targetHints":{"allow":["GET"]}}],"collection":[{"href":"https:\/\/brikardesign.com\/impression\/wp-json\/wp\/v2\/product"}],"about":[{"href":"https:\/\/brikardesign.com\/impression\/wp-json\/wp\/v2\/types\/product"}],"replies":[{"embeddable":true,"href":"https:\/\/brikardesign.com\/impression\/wp-json\/wp\/v2\/comments?post=35396"}],"wp:featuredmedia":[{"embeddable":true,"href":"https:\/\/brikardesign.com\/impression\/wp-json\/wp\/v2\/media\/36296"}],"wp:attachment":[{"href":"https:\/\/brikardesign.com\/impression\/wp-json\/wp\/v2\/media?parent=35396"}],"wp:term":[{"taxonomy":"product_brand","embeddable":true,"href":"https:\/\/brikardesign.com\/impression\/wp-json\/wp\/v2\/product_brand?post=35396"},{"taxonomy":"product_cat","embeddable":true,"href":"https:\/\/brikardesign.com\/impression\/wp-json\/wp\/v2\/product_cat?post=35396"},{"taxonomy":"product_tag","embeddable":true,"href":"https:\/\/brikardesign.com\/impression\/wp-json\/wp\/v2\/product_tag?post=35396"}],"curies":[{"name":"wp","href":"https:\/\/api.w.org\/{rel}","templated":true}]}}