{"id":34570,"date":"2021-04-23T12:09:32","date_gmt":"2021-04-23T17:09:32","guid":{"rendered":"https:\/\/brikardesign.com\/impression\/?post_type=product&#038;p=34570"},"modified":"2025-11-21T17:56:10","modified_gmt":"2025-11-21T22:56:10","slug":"signet-en-plastique-personnalise","status":"publish","type":"product","link":"https:\/\/brikardesign.com\/impression\/produit\/signet-en-plastique-personnalise\/","title":{"rendered":"Signet en plastique personnalis\u00e9"},"content":{"rendered":"<p>CODE 00016-00<\/p>\n<p><strong>Signet en plastique personnalis\u00e9<\/strong><\/p>\n<ul>\n<li>Ces signets en plastique font de beaux cadeaux<\/li>\n<li>Sublimable\u00a0 des deux\u00a0 c\u00f4t\u00e9<\/li>\n<li><span style=\"color: #ff0000;\"><strong>Le montage est toujours gratuit.<\/strong><\/span><\/li>\n<li>Dimensions: 2 1\/8 \u00a8 x 7 \u00a8\/ 5.5 cm x 18 cm<\/li>\n<\/ul>\n<p><span style=\"color: #000000;\">Pour des quantit\u00e9s, n&#8217;h\u00e9sitez pas \u00e0 communiquer avec nous<\/span><\/p>\n","protected":false},"excerpt":{"rendered":"<p>CODE 00016-00<\/p>\n<p><strong>Signet en plastique personnalis\u00e9<\/strong><\/p>\n<p><span style=\"color: #ff9900;\"><strong>Livraison gratuite pour ce produit<\/strong><\/span><\/p>\n","protected":false},"featured_media":37025,"comment_status":"open","ping_status":"closed","template":"","meta":{"_et_pb_use_builder":"","_et_pb_old_content":"","_et_gb_content_width":""},"product_brand":[],"product_cat":[3025],"product_tag":[847,848],"class_list":{"0":"post-34570","1":"product","2":"type-product","3":"status-publish","4":"has-post-thumbnail","6":"product_cat-signets","7":"product_tag-signet-en-plastique-personnalise","8":"product_tag-sub00016-00","9":"product_shipping_class-livraison","11":"first","12":"outofstock","13":"taxable","14":"shipping-taxable","15":"purchasable","16":"product-type-simple"},"_links":{"self":[{"href":"https:\/\/brikardesign.com\/impression\/wp-json\/wp\/v2\/product\/34570","targetHints":{"allow":["GET"]}}],"collection":[{"href":"https:\/\/brikardesign.com\/impression\/wp-json\/wp\/v2\/product"}],"about":[{"href":"https:\/\/brikardesign.com\/impression\/wp-json\/wp\/v2\/types\/product"}],"replies":[{"embeddable":true,"href":"https:\/\/brikardesign.com\/impression\/wp-json\/wp\/v2\/comments?post=34570"}],"wp:featuredmedia":[{"embeddable":true,"href":"https:\/\/brikardesign.com\/impression\/wp-json\/wp\/v2\/media\/37025"}],"wp:attachment":[{"href":"https:\/\/brikardesign.com\/impression\/wp-json\/wp\/v2\/media?parent=34570"}],"wp:term":[{"taxonomy":"product_brand","embeddable":true,"href":"https:\/\/brikardesign.com\/impression\/wp-json\/wp\/v2\/product_brand?post=34570"},{"taxonomy":"product_cat","embeddable":true,"href":"https:\/\/brikardesign.com\/impression\/wp-json\/wp\/v2\/product_cat?post=34570"},{"taxonomy":"product_tag","embeddable":true,"href":"https:\/\/brikardesign.com\/impression\/wp-json\/wp\/v2\/product_tag?post=34570"}],"curies":[{"name":"wp","href":"https:\/\/api.w.org\/{rel}","templated":true}]}}