{"id":34373,"date":"2021-04-21T19:20:49","date_gmt":"2021-04-22T00:20:49","guid":{"rendered":"https:\/\/brikardesign.com\/impression\/?post_type=product&#038;p=34373"},"modified":"2023-02-21T17:47:22","modified_gmt":"2023-02-21T22:47:22","slug":"plaque-pere-noel-decorative","status":"publish","type":"product","link":"https:\/\/brikardesign.com\/impression\/produit\/plaque-pere-noel-decorative\/","title":{"rendered":"Plaque P\u00e8re No\u00ebl d\u00e9corative"},"content":{"rendered":"<p><strong>Plaque P\u00e8re No\u00ebl d\u00e9corative <\/strong><\/p>\n<ul>\n<li>Pi\u00e8ce en aluminium sublim\u00e9<\/li>\n<li>Dimensions: 5 \u00a8x 7 \u00a8\/12.7 cm x 17.8 cm<\/li>\n<li>Coins arrondis<\/li>\n<li>Fixer avec velcro autocollant ou ventouse (au choix )<\/li>\n<li>Plaque interchangeable avec les saisons ou les \u00e9v\u00e9nements<\/li>\n<li>Pour des quantit\u00e9s, n&#8217;h\u00e9sitez pas \u00e0 communiquer avec nous<\/li>\n<\/ul>\n","protected":false},"excerpt":{"rendered":"<p><span style=\"color: #ff9900;\"><strong>Livraison gratuite pour ce produit<\/strong><\/span><\/p>\n","protected":false},"featured_media":36878,"comment_status":"open","ping_status":"closed","template":"","meta":{"_et_pb_use_builder":"","_et_pb_old_content":"","_et_gb_content_width":""},"product_brand":[],"product_cat":[528],"product_tag":[750,739],"class_list":{"0":"post-34373","1":"product","2":"type-product","3":"status-publish","4":"has-post-thumbnail","6":"product_cat-enseignes","7":"product_tag-plaque-pere-noel-decorative","8":"product_tag-sub00067-05","9":"product_shipping_class-livraison","11":"first","12":"instock","13":"taxable","14":"shipping-taxable","15":"purchasable","16":"product-type-variable","17":"has-default-attributes"},"_links":{"self":[{"href":"https:\/\/brikardesign.com\/impression\/wp-json\/wp\/v2\/product\/34373","targetHints":{"allow":["GET"]}}],"collection":[{"href":"https:\/\/brikardesign.com\/impression\/wp-json\/wp\/v2\/product"}],"about":[{"href":"https:\/\/brikardesign.com\/impression\/wp-json\/wp\/v2\/types\/product"}],"replies":[{"embeddable":true,"href":"https:\/\/brikardesign.com\/impression\/wp-json\/wp\/v2\/comments?post=34373"}],"wp:featuredmedia":[{"embeddable":true,"href":"https:\/\/brikardesign.com\/impression\/wp-json\/wp\/v2\/media\/36878"}],"wp:attachment":[{"href":"https:\/\/brikardesign.com\/impression\/wp-json\/wp\/v2\/media?parent=34373"}],"wp:term":[{"taxonomy":"product_brand","embeddable":true,"href":"https:\/\/brikardesign.com\/impression\/wp-json\/wp\/v2\/product_brand?post=34373"},{"taxonomy":"product_cat","embeddable":true,"href":"https:\/\/brikardesign.com\/impression\/wp-json\/wp\/v2\/product_cat?post=34373"},{"taxonomy":"product_tag","embeddable":true,"href":"https:\/\/brikardesign.com\/impression\/wp-json\/wp\/v2\/product_tag?post=34373"}],"curies":[{"name":"wp","href":"https:\/\/api.w.org\/{rel}","templated":true}]}}

Plaque Père Noël décorative

<p><strong>Plaque Père Noël décorative </strong></p>
<ul>
<li>Pièce en aluminium sublimé</li>
<li>Dimensions: 5 ¨x 7 ¨/12.7 cm x 17.8 cm</li>
<li>Coins arrondis</li>
<li>Fixer avec velcro autocollant ou ventouse (au choix )</li>
<li>Plaque interchangeable avec les saisons ou les événements</li>
<li>Pour des quantités, n&#8217;hésitez pas à communiquer avec nous</li>
</ul>
