{"id":34334,"date":"2021-04-21T18:01:42","date_gmt":"2021-04-21T23:01:42","guid":{"rendered":"https:\/\/brikardesign.com\/impression\/?post_type=product&#038;p=34334"},"modified":"2023-02-21T15:44:59","modified_gmt":"2023-02-21T20:44:59","slug":"panneau-de-distanciation-sociale-personnalise","status":"publish","type":"product","link":"https:\/\/brikardesign.com\/impression\/produit\/panneau-de-distanciation-sociale-personnalise\/","title":{"rendered":"Panneau de distanciation sociale personnalis\u00e9"},"content":{"rendered":"<p><strong>Panneau de distanciation sociale personnalis\u00e9<\/strong><\/p>\n<ul>\n<li>Sublim\u00e9 sur pi\u00e8ce d&#8217;aluminium<\/li>\n<li>Dimensions:13 1\/4&#8243; x 8 1\/2&#8243; \/33.8cm x 21.7cm approx:<\/li>\n<li>Peut \u00eatre personnalis\u00e9 avec votre logo ou le nom votre entreprise<\/li>\n<li>Belle fa\u00e7on de rappeler \u00e0 vos clients de garder une distance sociale de 2 m\u00e8tres<\/li>\n<li>Pour usage \u00e0 l&#8217;int\u00e9rieur ou ext\u00e9rieur<\/li>\n<li>Sur demande peut \u00eatre livr\u00e9 avec ventouses(pour fen\u00eatre)<\/li>\n<li>Peut \u00eatre fabriqu\u00e9 en plus petit format<\/li>\n<li><span style=\"color: #ff0000;\"><strong>Le montage est toujours gratuit.<\/strong><\/span><br \/>\nNous faire parvenir vos textes ou photos \u00e0 <a href=\"http:\/\/ventebrikardesign.com\">vente@brikardesign.com<\/a> et nous ferons le montage et proc\u00e9derons \u00e0 la sublimation seulement apr\u00e8s votre approbationPour des quantit\u00e9s, n&#8217;h\u00e9sitez pas \u00e0 communiquer avec nous<\/li>\n<\/ul>\n","protected":false},"excerpt":{"rendered":"<p>Panneau de distanciation sociale personnalis\u00e9 Sublim\u00e9 sur pi\u00e8ce d&#8217;aluminium Dimensions:13 1\/4&#8243; x 8 1\/2&#8243; \/33.8cm x 21.7cm approx: Peut \u00eatre personnalis\u00e9 avec votre logo ou le nom votre entreprise Belle fa\u00e7on de rappeler \u00e0 vos clients de garder une distance sociale de 2 m\u00e8tres Pour usage \u00e0 l&#8217;int\u00e9rieur ou ext\u00e9rieur Sur demande peut \u00eatre livr\u00e9 [&hellip;]<\/p>\n","protected":false},"featured_media":36604,"comment_status":"open","ping_status":"closed","template":"","meta":{"_et_pb_use_builder":"","_et_pb_old_content":"","_et_gb_content_width":""},"product_brand":[],"product_cat":[528],"product_tag":[735,736],"class_list":{"0":"post-34334","1":"product","2":"type-product","3":"status-publish","4":"has-post-thumbnail","6":"product_cat-enseignes","7":"product_tag-panneau-de-distanciation-sociale-personnalise","8":"product_tag-sub00094-00","9":"product_shipping_class-purolator","11":"first","12":"instock","13":"taxable","14":"shipping-taxable","15":"purchasable","16":"product-type-simple"},"_links":{"self":[{"href":"https:\/\/brikardesign.com\/impression\/wp-json\/wp\/v2\/product\/34334","targetHints":{"allow":["GET"]}}],"collection":[{"href":"https:\/\/brikardesign.com\/impression\/wp-json\/wp\/v2\/product"}],"about":[{"href":"https:\/\/brikardesign.com\/impression\/wp-json\/wp\/v2\/types\/product"}],"replies":[{"embeddable":true,"href":"https:\/\/brikardesign.com\/impression\/wp-json\/wp\/v2\/comments?post=34334"}],"wp:featuredmedia":[{"embeddable":true,"href":"https:\/\/brikardesign.com\/impression\/wp-json\/wp\/v2\/media\/36604"}],"wp:attachment":[{"href":"https:\/\/brikardesign.com\/impression\/wp-json\/wp\/v2\/media?parent=34334"}],"wp:term":[{"taxonomy":"product_brand","embeddable":true,"href":"https:\/\/brikardesign.com\/impression\/wp-json\/wp\/v2\/product_brand?post=34334"},{"taxonomy":"product_cat","embeddable":true,"href":"https:\/\/brikardesign.com\/impression\/wp-json\/wp\/v2\/product_cat?post=34334"},{"taxonomy":"product_tag","embeddable":true,"href":"https:\/\/brikardesign.com\/impression\/wp-json\/wp\/v2\/product_tag?post=34334"}],"curies":[{"name":"wp","href":"https:\/\/api.w.org\/{rel}","templated":true}]}}