{"id":34320,"date":"2021-04-21T08:50:06","date_gmt":"2021-04-21T13:50:06","guid":{"rendered":"https:\/\/brikardesign.com\/impression\/?post_type=product&#038;p=34320"},"modified":"2022-02-19T15:52:05","modified_gmt":"2022-02-19T20:52:05","slug":"enseigne-personnalisee-en-aluminium-pour-votre-terrain-de-camping","status":"publish","type":"product","link":"https:\/\/brikardesign.com\/impression\/produit\/enseigne-personnalisee-en-aluminium-pour-votre-terrain-de-camping\/","title":{"rendered":"Enseigne personnalis\u00e9e en aluminium pour votre terrain de camping"},"content":{"rendered":"<p><strong>Enseigne\u00a0personnalis\u00e9e en aluminium pour votre terrain de camping<\/strong><\/p>\n<ul>\n<li>Format \u00e0 voir avec le client (le prix peut \u00eatre modifi\u00e9)<\/li>\n<li>Poteau de jardin pour accrocher l&#8217;enseigne disponible aussi avec achat d&#8217;enseigne seulement<\/li>\n<li>Panneau en aluminium peut \u00eatre imprim\u00e9 sur un c\u00f4t\u00e9<\/li>\n<\/ul>\n","protected":false},"excerpt":{"rendered":"<p><span style=\"color: #ff9900;\"><strong>Livraison gratuite pour ce produit<\/strong><\/span><\/p>\n","protected":false},"featured_media":34323,"comment_status":"open","ping_status":"closed","template":"","meta":{"_et_pb_use_builder":"","_et_pb_old_content":"","_et_gb_content_width":""},"product_brand":[],"product_cat":[528],"product_tag":[730,731],"class_list":{"0":"post-34320","1":"product","2":"type-product","3":"status-publish","4":"has-post-thumbnail","6":"product_cat-enseignes","7":"product_tag-enseigne-personnalisee-en-aluminium-pour-votre-terrain-de-camping","8":"product_tag-sub00103-00","9":"product_shipping_class-livraison","11":"first","12":"instock","13":"taxable","14":"shipping-taxable","15":"purchasable","16":"product-type-variable","17":"has-default-attributes"},"_links":{"self":[{"href":"https:\/\/brikardesign.com\/impression\/wp-json\/wp\/v2\/product\/34320","targetHints":{"allow":["GET"]}}],"collection":[{"href":"https:\/\/brikardesign.com\/impression\/wp-json\/wp\/v2\/product"}],"about":[{"href":"https:\/\/brikardesign.com\/impression\/wp-json\/wp\/v2\/types\/product"}],"replies":[{"embeddable":true,"href":"https:\/\/brikardesign.com\/impression\/wp-json\/wp\/v2\/comments?post=34320"}],"wp:featuredmedia":[{"embeddable":true,"href":"https:\/\/brikardesign.com\/impression\/wp-json\/wp\/v2\/media\/34323"}],"wp:attachment":[{"href":"https:\/\/brikardesign.com\/impression\/wp-json\/wp\/v2\/media?parent=34320"}],"wp:term":[{"taxonomy":"product_brand","embeddable":true,"href":"https:\/\/brikardesign.com\/impression\/wp-json\/wp\/v2\/product_brand?post=34320"},{"taxonomy":"product_cat","embeddable":true,"href":"https:\/\/brikardesign.com\/impression\/wp-json\/wp\/v2\/product_cat?post=34320"},{"taxonomy":"product_tag","embeddable":true,"href":"https:\/\/brikardesign.com\/impression\/wp-json\/wp\/v2\/product_tag?post=34320"}],"curies":[{"name":"wp","href":"https:\/\/api.w.org\/{rel}","templated":true}]}}