{"id":33918,"date":"2021-04-13T18:22:56","date_gmt":"2021-04-13T23:22:56","guid":{"rendered":"https:\/\/brikardesign.com\/impression\/?post_type=product&#038;p=33918"},"modified":"2025-03-18T17:30:05","modified_gmt":"2025-03-18T22:30:05","slug":"sac-a-cosmetique-personnalise-imitation-jute","status":"publish","type":"product","link":"https:\/\/brikardesign.com\/impression\/produit\/sac-a-cosmetique-personnalise-imitation-jute\/","title":{"rendered":"Sac \u00e0 cosm\u00e9tique personnalis\u00e9 imitation jute"},"content":{"rendered":"<p>CODE 00120-00<br \/>\n<strong>Sac \u00e0 cosm\u00e9tique personnalis\u00e9 imitation jute<\/strong><\/p>\n<ul>\n<li>Ce sac \u00e0 cosm\u00e9tique, articles de toilettes, article de sac de voyage,\u00a0 est sublimable sur un ou deux c\u00f4t\u00e9s (l\u00e9ger suppl\u00e9ment pour le deuxi\u00e8me c\u00f4t\u00e9)<\/li>\n<li>Peut-\u00eatre personnalis\u00e9 avec votre logo ou le nom de votre entreprise<\/li>\n<li>Ce sac fait un merveilleux cadeau promotionnel, anniversaire, d\u00e9part \u00e0 la retraite, ou pour toute autre occasion<\/li>\n<li>Dimensions approx.: 6.6&#8243; x 8.3&#8243; \/ 16.5cm x 21.5cm<\/li>\n<li><span style=\"color: #ff0000;\"><strong> Le montage est toujours gratuit.<\/strong><\/span><br \/>\nNous faire parvenir vos textes ou photos \u00e0 <a href=\"vente@brikardesign.com\">vente@brikardesign.com<\/a> et nous ferons le montage et proc\u00e9derons \u00e0 la sublimation seulement apr\u00e8s votre approbation<br \/>\nPour des quantit\u00e9s, n&#8217;h\u00e9sitez pas \u00e0 communiquer avec nous<\/li>\n<\/ul>\n","protected":false},"excerpt":{"rendered":"<p><span style=\"color: #ff9900;\"><strong>Livraison gratuite pour ce produit<\/strong><\/span><\/p>\n","protected":false},"featured_media":36481,"comment_status":"open","ping_status":"closed","template":"","meta":{"_et_pb_use_builder":"","_et_pb_old_content":"","_et_gb_content_width":""},"product_brand":[],"product_cat":[537],"product_tag":[580,581],"class_list":{"0":"post-33918","1":"product","2":"type-product","3":"status-publish","4":"has-post-thumbnail","6":"product_cat-textiles-sacs","7":"product_tag-sac-a-cosmetique-personnalise","8":"product_tag-sub00120-00","9":"product_shipping_class-livraison","11":"first","12":"instock","13":"taxable","14":"shipping-taxable","15":"purchasable","16":"product-type-simple"},"_links":{"self":[{"href":"https:\/\/brikardesign.com\/impression\/wp-json\/wp\/v2\/product\/33918","targetHints":{"allow":["GET"]}}],"collection":[{"href":"https:\/\/brikardesign.com\/impression\/wp-json\/wp\/v2\/product"}],"about":[{"href":"https:\/\/brikardesign.com\/impression\/wp-json\/wp\/v2\/types\/product"}],"replies":[{"embeddable":true,"href":"https:\/\/brikardesign.com\/impression\/wp-json\/wp\/v2\/comments?post=33918"}],"wp:featuredmedia":[{"embeddable":true,"href":"https:\/\/brikardesign.com\/impression\/wp-json\/wp\/v2\/media\/36481"}],"wp:attachment":[{"href":"https:\/\/brikardesign.com\/impression\/wp-json\/wp\/v2\/media?parent=33918"}],"wp:term":[{"taxonomy":"product_brand","embeddable":true,"href":"https:\/\/brikardesign.com\/impression\/wp-json\/wp\/v2\/product_brand?post=33918"},{"taxonomy":"product_cat","embeddable":true,"href":"https:\/\/brikardesign.com\/impression\/wp-json\/wp\/v2\/product_cat?post=33918"},{"taxonomy":"product_tag","embeddable":true,"href":"https:\/\/brikardesign.com\/impression\/wp-json\/wp\/v2\/product_tag?post=33918"}],"curies":[{"name":"wp","href":"https:\/\/api.w.org\/{rel}","templated":true}]}}