{"id":33715,"date":"2021-04-09T16:11:35","date_gmt":"2021-04-09T21:11:35","guid":{"rendered":"https:\/\/brikardesign.com\/impression\/?post_type=product&#038;p=33715"},"modified":"2026-01-12T09:27:15","modified_gmt":"2026-01-12T14:27:15","slug":"isolant-bouteille-canette-isotherme-personnalise","status":"publish","type":"product","link":"https:\/\/brikardesign.com\/impression\/produit\/isolant-bouteille-canette-isotherme-personnalise\/","title":{"rendered":"Isolant bouteille\/canette isotherme personnalis\u00e9"},"content":{"rendered":"<p>CODE 00001-00<br \/>\n<strong>Isolant pour bouteille\/canette isotherme personnalis\u00e9<\/strong><\/p>\n<p>gardez vos breuvages froids<\/p>\n<p>Peut \u00eatre personnalis\u00e9 avec vos images favorites<\/p>\n<p><strong style=\"color: #ff0000; background-color: transparent;\">le montage est toujours gratuit.<\/strong><\/p>\n<p>Nous faire parvenir vos photos \u00e0 <a href=\"vente@brikardesign.com\">vente@brikardesign.com<\/a>\u00a0 nous ferons le montage et sublimerons\u00a0 seulement apr\u00e8s votre approbation<\/p>\n<p>Pour des quantit\u00e9s, n&#8217;h\u00e9sitez pas \u00e0 communiquer avec nous<\/p>\n<p>&nbsp;<\/p>\n","protected":false},"excerpt":{"rendered":"<p><strong>Isolant pour bouteille\/canette isotherme personnalis\u00e9<\/strong><\/p>\n<p>gardez vos breuvages froids<\/p>\n<p>Peut \u00eatre personnalis\u00e9 avec vos images favorites<\/p>\n<p><strong style=\"color: #ff0000; background-color: transparent;\">le montage est toujours gratuit.<\/strong><\/p>\n","protected":false},"featured_media":33716,"comment_status":"open","ping_status":"closed","template":"","meta":{"_et_pb_use_builder":"","_et_pb_old_content":"","_et_gb_content_width":""},"product_brand":[],"product_cat":[971],"product_tag":[456,457],"class_list":{"0":"post-33715","1":"product","2":"type-product","3":"status-publish","4":"has-post-thumbnail","6":"product_cat-isolant-breuvage","7":"product_tag-isolant-bouteille-canette","8":"product_tag-sub00001-00","9":"product_shipping_class-minimumcertains-produits","11":"first","12":"instock","13":"taxable","14":"shipping-taxable","15":"purchasable","16":"product-type-simple"},"_links":{"self":[{"href":"https:\/\/brikardesign.com\/impression\/wp-json\/wp\/v2\/product\/33715","targetHints":{"allow":["GET"]}}],"collection":[{"href":"https:\/\/brikardesign.com\/impression\/wp-json\/wp\/v2\/product"}],"about":[{"href":"https:\/\/brikardesign.com\/impression\/wp-json\/wp\/v2\/types\/product"}],"replies":[{"embeddable":true,"href":"https:\/\/brikardesign.com\/impression\/wp-json\/wp\/v2\/comments?post=33715"}],"wp:featuredmedia":[{"embeddable":true,"href":"https:\/\/brikardesign.com\/impression\/wp-json\/wp\/v2\/media\/33716"}],"wp:attachment":[{"href":"https:\/\/brikardesign.com\/impression\/wp-json\/wp\/v2\/media?parent=33715"}],"wp:term":[{"taxonomy":"product_brand","embeddable":true,"href":"https:\/\/brikardesign.com\/impression\/wp-json\/wp\/v2\/product_brand?post=33715"},{"taxonomy":"product_cat","embeddable":true,"href":"https:\/\/brikardesign.com\/impression\/wp-json\/wp\/v2\/product_cat?post=33715"},{"taxonomy":"product_tag","embeddable":true,"href":"https:\/\/brikardesign.com\/impression\/wp-json\/wp\/v2\/product_tag?post=33715"}],"curies":[{"name":"wp","href":"https:\/\/api.w.org\/{rel}","templated":true}]}}