{"id":33682,"date":"2021-04-09T14:20:47","date_gmt":"2021-04-09T19:20:47","guid":{"rendered":"https:\/\/brikardesign.com\/impression\/?post_type=product&#038;p=33682"},"modified":"2025-03-18T17:29:28","modified_gmt":"2025-03-18T22:29:28","slug":"canette-en-acier-inoxydable-personnalisee","status":"publish","type":"product","link":"https:\/\/brikardesign.com\/impression\/produit\/canette-en-acier-inoxydable-personnalisee\/","title":{"rendered":"Canette en acier inoxydable personnalis\u00e9e"},"content":{"rendered":"<p>CODE 00076-00<br \/>\n<strong>\u00a0Canette en acier inoxydable\u00a0<\/strong><\/p>\n<p>Double paroi en acier inoxydable<\/p>\n<p>Couvercle vissable<\/p>\n<p>Avec paille sans BPA incluse<\/p>\n<p>Hauteur:14 cm \/ 5 1\/2 &#8221; approx<\/p>\n<p>Volume de 340 ml \/12 oz<\/p>\n<p><strong style=\"color: #ff0000; background-color: transparent;\">le montage est toujours gratuit.<\/strong><\/p>\n<p>Nous faire parvenir vos photos \u00e0 <a href=\"mailto:vente@brikardesign.com\">vente@brikardesign.com<\/a>, nous ferons le montage et imprimerons apr\u00e8s approbation seulement.<\/p>\n<p>Pour des quantit\u00e9s, n&#8217;h\u00e9sitez pas \u00e0 communiquer avec nous.<\/p>\n","protected":false},"excerpt":{"rendered":"<p>CODE 00076-00 \u00a0Canette en acier inoxydable\u00a0 Double paroi en acier inoxydable Couvercle vissable Avec paille sans BPA incluse Hauteur:14 cm \/ 5 1\/2 &#8221; approx Volume de 340 ml \/12 oz le montage est toujours gratuit. Nous faire parvenir vos photos \u00e0 vente@brikardesign.com, nous ferons le montage et imprimerons apr\u00e8s approbation seulement. Pour des quantit\u00e9s, [&hellip;]<\/p>\n","protected":false},"featured_media":36758,"comment_status":"open","ping_status":"closed","template":"","meta":{"_et_pb_use_builder":"","_et_pb_old_content":"","_et_gb_content_width":""},"product_brand":[],"product_cat":[1854],"product_tag":[447,448],"class_list":{"0":"post-33682","1":"product","2":"type-product","3":"status-publish","4":"has-post-thumbnail","6":"product_cat-tumbler-bouteille","7":"product_tag-canette-personnalisee","8":"product_tag-sub00076-00","9":"product_shipping_class-purolator","11":"first","12":"instock","13":"taxable","14":"shipping-taxable","15":"purchasable","16":"product-type-simple"},"_links":{"self":[{"href":"https:\/\/brikardesign.com\/impression\/wp-json\/wp\/v2\/product\/33682","targetHints":{"allow":["GET"]}}],"collection":[{"href":"https:\/\/brikardesign.com\/impression\/wp-json\/wp\/v2\/product"}],"about":[{"href":"https:\/\/brikardesign.com\/impression\/wp-json\/wp\/v2\/types\/product"}],"replies":[{"embeddable":true,"href":"https:\/\/brikardesign.com\/impression\/wp-json\/wp\/v2\/comments?post=33682"}],"wp:featuredmedia":[{"embeddable":true,"href":"https:\/\/brikardesign.com\/impression\/wp-json\/wp\/v2\/media\/36758"}],"wp:attachment":[{"href":"https:\/\/brikardesign.com\/impression\/wp-json\/wp\/v2\/media?parent=33682"}],"wp:term":[{"taxonomy":"product_brand","embeddable":true,"href":"https:\/\/brikardesign.com\/impression\/wp-json\/wp\/v2\/product_brand?post=33682"},{"taxonomy":"product_cat","embeddable":true,"href":"https:\/\/brikardesign.com\/impression\/wp-json\/wp\/v2\/product_cat?post=33682"},{"taxonomy":"product_tag","embeddable":true,"href":"https:\/\/brikardesign.com\/impression\/wp-json\/wp\/v2\/product_tag?post=33682"}],"curies":[{"name":"wp","href":"https:\/\/api.w.org\/{rel}","templated":true}]}}